
{"id":28,"date":"2020-04-29T15:14:11","date_gmt":"2020-04-29T15:14:11","guid":{"rendered":"http:\/\/sportmaniacblog.local\/?page_id=28"},"modified":"2020-11-20T14:32:03","modified_gmt":"2020-11-20T14:32:03","slug":"contact","status":"publish","type":"page","link":"https:\/\/blog.sportmaniac.web-staging.eu\/index.php\/contact\/","title":{"rendered":"Contact"},"content":{"rendered":"\n<p><strong>Magazinul nostru de prezentare&nbsp;<\/strong>se afl\u0103 \u00een&nbsp;T\u00e2rgu-Mure\u0219, pe Str. Horea, Nr. 33 (\u00een centru).<\/p>\n\n\n\n<p>Program:<\/p>\n\n\n\n<ul><li>Luni: 08:00 \u2013 20:00<\/li><li>Mar\u021bi: 08:00 \u2013 20:00<\/li><li>Miercuri: 08:00 \u2013 20:00<\/li><li>Joi: 08:00 \u2013 20:00<\/li><li>Vineri: 08:00 \u2013 20:00<\/li><li>S\u00e2mb\u0103t\u0103: 10:00 \u2013 14:00<\/li><\/ul>\n\n\n\n<p>Telefon:<\/p>\n\n\n\n<ul><li>Mobil 1: 0757-404-756<\/li><li>Mobil 2: 0787-508-660<\/li><li>Fix: 0265-222-778<\/li><\/ul>\n\n\n\n<p>E-mail:<\/p>\n\n\n\n<ul><li>Informa\u021bii: <a href=\"mailto:info@sportmaniac.ro\">info@sportmaniac.ro<\/a><\/li><li>V\u00e2nz\u0103ri: <a href=\"mailto:sales@sportmaniac.ro\">sales@sportmaniac.ro<\/a><\/li><li>Marketing: <a href=\"mailto:marketing@sportmaniac.ro\">marketing@sportmaniac.ro<\/a><\/li><\/ul>\n","protected":false},"excerpt":{"rendered":"<p>Magazinul nostru de prezentare&nbsp;se afl\u0103 \u00een&nbsp;T\u00e2rgu-Mure\u0219, pe Str. Horea, Nr. 33 (\u00een centru). Program: Luni: 08:00 \u2013 20:00 Mar\u021bi: 08:00 \u2013 20:00 Miercuri: 08:00 \u2013 20:00 Joi: 08:00 \u2013 20:00 Vineri: 08:00 \u2013 20:00 S\u00e2mb\u0103t\u0103: 10:00 \u2013 14:00 Telefon: Mobil 1: 0757-404-756 Mobil 2: 0787-508-660 Fix: 0265-222-778 E-mail: Informa\u021bii: info@sportmaniac.ro V\u00e2nz\u0103ri: sales@sportmaniac.ro Marketing: marketing@sportmaniac.ro<\/p>\n","protected":false},"author":1,"featured_media":0,"parent":0,"menu_order":0,"comment_status":"closed","ping_status":"closed","template":"","meta":[],"_links":{"self":[{"href":"https:\/\/blog.sportmaniac.web-staging.eu\/index.php\/wp-json\/wp\/v2\/pages\/28"}],"collection":[{"href":"https:\/\/blog.sportmaniac.web-staging.eu\/index.php\/wp-json\/wp\/v2\/pages"}],"about":[{"href":"https:\/\/blog.sportmaniac.web-staging.eu\/index.php\/wp-json\/wp\/v2\/types\/page"}],"author":[{"embeddable":true,"href":"https:\/\/blog.sportmaniac.web-staging.eu\/index.php\/wp-json\/wp\/v2\/users\/1"}],"replies":[{"embeddable":true,"href":"https:\/\/blog.sportmaniac.web-staging.eu\/index.php\/wp-json\/wp\/v2\/comments?post=28"}],"version-history":[{"count":3,"href":"https:\/\/blog.sportmaniac.web-staging.eu\/index.php\/wp-json\/wp\/v2\/pages\/28\/revisions"}],"predecessor-version":[{"id":63,"href":"https:\/\/blog.sportmaniac.web-staging.eu\/index.php\/wp-json\/wp\/v2\/pages\/28\/revisions\/63"}],"wp:attachment":[{"href":"https:\/\/blog.sportmaniac.web-staging.eu\/index.php\/wp-json\/wp\/v2\/media?parent=28"}],"curies":[{"name":"wp","href":"https:\/\/api.w.org\/{rel}","templated":true}]}}