
{"id":27,"date":"2020-04-29T15:14:11","date_gmt":"2020-04-29T15:14:11","guid":{"rendered":"http:\/\/sportmaniacblog.local\/?page_id=27"},"modified":"2020-11-20T14:20:26","modified_gmt":"2020-11-20T14:20:26","slug":"about","status":"publish","type":"page","link":"https:\/\/blog.sportmaniac.web-staging.eu\/index.php\/about\/","title":{"rendered":"Despre noi"},"content":{"rendered":"\n<p>Magazinul online Sportmaniac.ro a fost \u00eenfiin\u021bat \u00een anul 2010 la T\u00e2rgu Mure\u0219 pentru a oferi servicii \u0219i produse de calitate premium clien\u021bilor care sunt interesa\u021bi \u00een drume\u021bii, alergare, sport \u00een general \u0219i confort maxim la munc\u0103 sau acas\u0103.<br>Comercializ\u00e2nd produse Merrell, Columbia, Teva, Crocs, Grisport \u0219i multe altele, magazinul Sportmaniac a devenit un magazin renumit pe teritoriul Rom\u00e2niei \u0219i este recunoscut pentru seriozitate, rapiditate \u0219i \u00eenaltea calitate a produselor.<\/p>\n","protected":false},"excerpt":{"rendered":"<p>Magazinul online Sportmaniac.ro a fost \u00eenfiin\u021bat \u00een anul 2010 la T\u00e2rgu Mure\u0219 pentru a oferi servicii \u0219i produse de calitate premium clien\u021bilor care sunt interesa\u021bi \u00een drume\u021bii, alergare, sport \u00een general \u0219i confort maxim la munc\u0103 sau acas\u0103.Comercializ\u00e2nd produse Merrell, Columbia, Teva, Crocs, Grisport \u0219i multe altele, magazinul Sportmaniac a devenit un magazin renumit pe [&hellip;]<\/p>\n","protected":false},"author":1,"featured_media":0,"parent":0,"menu_order":0,"comment_status":"closed","ping_status":"closed","template":"","meta":[],"_links":{"self":[{"href":"https:\/\/blog.sportmaniac.web-staging.eu\/index.php\/wp-json\/wp\/v2\/pages\/27"}],"collection":[{"href":"https:\/\/blog.sportmaniac.web-staging.eu\/index.php\/wp-json\/wp\/v2\/pages"}],"about":[{"href":"https:\/\/blog.sportmaniac.web-staging.eu\/index.php\/wp-json\/wp\/v2\/types\/page"}],"author":[{"embeddable":true,"href":"https:\/\/blog.sportmaniac.web-staging.eu\/index.php\/wp-json\/wp\/v2\/users\/1"}],"replies":[{"embeddable":true,"href":"https:\/\/blog.sportmaniac.web-staging.eu\/index.php\/wp-json\/wp\/v2\/comments?post=27"}],"version-history":[{"count":2,"href":"https:\/\/blog.sportmaniac.web-staging.eu\/index.php\/wp-json\/wp\/v2\/pages\/27\/revisions"}],"predecessor-version":[{"id":60,"href":"https:\/\/blog.sportmaniac.web-staging.eu\/index.php\/wp-json\/wp\/v2\/pages\/27\/revisions\/60"}],"wp:attachment":[{"href":"https:\/\/blog.sportmaniac.web-staging.eu\/index.php\/wp-json\/wp\/v2\/media?parent=27"}],"curies":[{"name":"wp","href":"https:\/\/api.w.org\/{rel}","templated":true}]}}